t f(a) = -100*a - 98*a - 1 - 1 + 195*a. Calculate f(3).
-11
Let i(x) be the third derivative of x**9/60480 + x**8/4032 - x**7/840 - x**6/240 - 11*x**5/60 + 14*x**2. Let f(z) be the third derivative of i(z). Give f(-6).
-3
Let j(o) = 2*o**2 - 3*o - 4. Let g = 18 - 15. Let t be j(g). Let v(y) = -y**2 + 1. Let k(m) = m**3 - 6*m**2 + m + 11. Let x(z) = t*v(z) - k(z). Determine x(0).
-6
Let o(q) = -q**2 - 11*q + 6. Suppose 12 = 3*a + 48. Calculate o(a).
-6
Let i(q) = -2*q + 7. Suppose -604 + 644 = 8*w. Determine i(w).
-3
Suppose -6 + 3 = -3*m. Let h(d) = -2*d**2 - 12*d + 12*d - m. What is h(1)?
-3
Suppose -2*b + 3 = -4*u + 19, 5*b = 3*u - 26. Let r(d) be the first derivative of d**5/40 - 2*d**3/3 + 2. Let k(f) be the third derivative of r(f). Give k(u).
6
Let n = 141 - 138. Suppose -19 = -n*r - 4. Let t(a) = -a**2 + 8*a + 1. What is t(r)?
16
Let n = 61 - 59. Suppose 2*c + 3*c - 65 = 0. Let d(x) = 0 - c*x**n + 1 + 2*x + 5 - 5. Calculate d(-1).
-14
Let h(a) = -a**2 + 3*a + 1. Let j be h(2). Let c(b) be the second derivative of -b**2 + 1/20*b**5 + 3*b + 1/6*b**j - 1/4*b**4 + 0. Calculate c(3).
1
Suppose a - 4*a = 5*g - 30, 0 = 5*a - 4*g - 87. Suppose a = -9*t - 3. Let k(u) = 2*u + 3. Calculate k(t).
-1
Suppose 0 = -20*d + 6*d + 392. Let q(x) = x**2 - 30*x + 56. Calculate q(d).
0
Let z(g) = g - 1. Let n be ((-324)/15)/3*15/2. Let c be (-1 + 5)*-1 - (n + 54). What is z(c)?
-5
Let i(z) = 62*z - 182*z + 65*z + 59*z. Suppose 2*g = 3*g - 2. Give i(g).
8
Let q(o) = 0 + 10*o - 8*o + 1 - 3*o**2 - o. Let c be -1 - -3*(-2)/((-12)/6). What is q(c)?
-9
Let q(p) = -9*p**2 + 24*p - 4. Let h(x) = -4*x**2 + 12*x - 2. Let m(u) = 7*h(u) - 3*q(u). What is m(12)?
-2
Let n(h) = -h + 2. Let a be (-21)/(-1)*(-8)/12. Let c = 10 + a. Let j be (-1 - -2) + (-2 - c). Determine n(j).
-1
Let c(b) = 35*b**3 - b**2 + 1. Let g = -241 - -240. Calculate c(g).
-35
Let d(h) be the third derivative of -h**6/40 + h**5/20 - h**3/3 - 39*h**2 + 2. Let u = 3 - 1. What is d(u)?
-14
Let u(a) = -4 - a**3 - 4 + 2 - 5*a**2 + 13. Give u(-5).
7
Let l(p) = p**2 + 6*p - 36. Let a be l(-10). Let k(c) = a*c + 0*c + 3 + 1 - 3*c. Give k(7).
11
Let c(a) be the third derivative of -a**6/120 + a**5/60 - a**4/24 - a**3/6 - a**2 + 15. Determine c(-2).
13
Let o be 9/(-27) + (-1)/(-3). Suppose o - 2 = -v. Let f be (4 - 6)/(v/(-6)). Let x(d) = d**2 - 5*d - 1. Give x(f).
5
Let p(w) = 3*w + 3. Let y be p(-3). Let g(r) = -2*r**3 - 12*r**2 - 2*r - 6. Let o be g(-6). Let q(x) = -14*x + 33*x - 25*x - o - 2 - x**2. Calculate q(y).
-8
Suppose 5*g - u - 27 = -2*u, -4*g = 2*u - 18. Let s(w) be the first derivative of 5 + 6*w - 1/2*w**2. Give s(g).
0
Let c(f) = -15*f**3 + f**2 - f. Let q = -14 + 16. Suppose y - q = -0*y. Suppose 2*g = -y*t + 4, -3*t = -3*g - t + 1. Determine c(g).
-15
Let v = 114 + -118. Let i(a) = -5*a + 5. Give i(v).
25
Suppose 4*k - 12 + 4 = 0. Let a(f) = -5*f + 37. Let o(b) = b - 12. Let n(h) = k*a(h) + 7*o(h). Give n(-7).
11
Let i(l) = 3 + 2 - 31*l - 5. Determine i(1).
-31
Let f(g) = -g**3 + 5*g**2 - g + 5. Let y(h) = -3*h + 20. Let r be y(5). Give f(r).
0
Let k(d) be the second derivative of -d**5/10 - d**3/6 + d**2 - 203*d. What is k(1)?
-1
Let z(h) = h - 2. Let p(a) be the third derivative of -a**5/60 + a**4/4 + a**3/2 + 9*a**2. Let k be p(7). What is z(k)?
-6
Let c(j) = -j + 4. Let u(o) = -4. Let i(r) = -c(r) + u(r). Let d = 0 + 0. Determine i(d).
-8
Let d(q) = -62*q**3 - 32 - 63*q**3 + 16*q**2 - 43*q**2 + q + 126*q**3. What is d(27)?
-5
Let k = 230 + -103. Let o = k - 120. Let w(f) = -f**2 + 6*f - 1. Give w(o).
-8
Let m = -102 - -96. Let j(f) = 4*f + 2. Let y(u) = 9*u + 3. Let a(g) = 7*j(g) - 3*y(g). Determine a(m).
-1
Let i(s) = 6*s + 2*s + s**2 + 8*s**2 - 7*s. Let t be (0 + 0)/(8/4). Let y = t + -1. Determine i(y).
8
Let a(v) be the third derivative of -v**5/60 + 5*v**4/24 - v**3 - 235*v**2. Calculate a(5).
-6
Let j(p) = -p**2 + 2. Suppose 2*k - 17 = 5*v, 113 - 30 = 3*k + 4*v. Suppose -7*o - k = -0. What is j(o)?
-7
Let f(k) = k**3 + 5*k**2 + 2*k - 1. Suppose 163 = -34*r - 7. Determine f(r).
-11
Let y(a) = a - 2. Suppose -377 = 9*c - 467. Determine y(c).
8
Let s be (20/6)/((-1)/3). Let p be (-2)/s + (-14)/(-5). Let l(m) = m**2 + m - 1. Let c(k) = 5*k**2 + 9*k - 2. Let v(x) = -c(x) + 6*l(x). What is v(p)?
-4
Let k(x) = -x - 7. Let p = -52 + 52. Calculate k(p).
-7
Let m be (9/(-2))/(60/25 - (-2142)/(-680)). Let j be ((-3)/(-2))/((-6)/(-8)). Let x(g) = -5 - g**3 + g + 0 + j*g + 6*g**2. Determine x(m).
13
Let r(b) = -6*b + 9. Let n(z) = -z + 2. Let g(i) = 11*n(i) - 2*r(i). Let a = 26 + -22. Suppose 3*y = -a*l + 8, y + 4*l = 3*y + 28. Give g(y).
0
Let n(w) = -4 - 79*w + 91*w - 2 + 5. Let d(p) = 2*p - 3. Let s be d(2). Calculate n(s).
11
Let g(b) = 2*b**2 - 2*b + 2. Let m(t) = -3*t**2 - 47*t - 20. Let v(n) = n**2 + 16*n + 7. Let s(a) = -4*m(a) - 11*v(a). Let p be s(-12). Calculate g(p).
14
Let k(u) be the first derivative of 2*u**2 - 2*u - 6. Suppose 5*j + 61 = -4*r - 5, -r = -j + 12. Let z = r + 12. What is k(z)?
-10
Let g(m) = 4*m**3 + 2*m + 2. Let n(j) = 3*j**3 - j**2 + j + 1. Suppose 3*h - 11 = -5*i, -5*h = 3*i + 2*i - 5. Let y(k) = h*n(k) + 2*g(k). Determine y(3).
4
Let j be 52/9 + (-14)/(-63) + -2. Let f(q) be the third derivative of q**5/60 - q**4/6 - 2*q**3/3 - 2*q**2. Give f(j).
-4
Let m(r) be the third derivative of -7*r**2 + 0 + 1/6*r**4 + 0*r - 1/2*r**3. Let i = -5 + 7. What is m(i)?
5
Let i(h) be the first derivative of -2*h**3/3 - 3*h**2 + 7. What is i(-4)?
-8
Let t(l) = l**3 - 9*l**2 + 8*l - 5. Let u(m) = -2*m**3 - 5*m**2 - 1. Let s be u(-3). Calculate t(s).
-5
Let z(w) = -w - 14. Let o be ((-2)/6 - 0)/((-8)/48). Suppose 5*k + 0*n = 3*n - 21, 2*n - 6 = o*k. Give z(k).
-8
Let m be 1*1/(-2)*-6. Suppose -2*p - m*p = -20. Suppose 0 = 2*t + 3*f - 7, -t + 0 - p = -f. Let u(x) = -7*x**3 + 2*x**2 + x. Give u(t).
8
Let r(q) = -13*q + 2. Let d be r(-2). Suppose -d = -2*l - 2*l. Let k(b) = l*b - b - 5*b + 11. Determine k(-5).
6
Let u(s) be the third derivative of s**4/12 + 5*s**3/6 + 2*s**2 - 9*s. What is u(-6)?
-7
Suppose y + 4*y - 35 = 0. Let f(p) = -2*p + 5. Determine f(y).
-9
Suppose -2 = -a - 1. Let i(q) = 4*q - 2. Let h be i(a). Let w(n) = 3 - 7*n + 0*n + 3 + 1 + n**h. What is w(6)?
1
Let h(a) be the third derivative of a**5/60 - a**4/24 - a**3/6 - 155*a**2. What is h(2)?
1
Suppose -23 = -5*n - 108. Let s = -7 - n. Let b = s - 16. Let i(p) = -p**2 - 6*p + 8. Determine i(b).
8
Let f(n) = -n**2 + n. Suppose 0 = 5*w - 5*u, -2*w - u = 3 - 6. Give f(w).
0
Let f(u) = 7*u**3 + 9*u**2 + 12*u + 2. Let q(y) = 2*y**3 - y**2 - 1. Let k(l) = f(l) - 3*q(l). Determine k(-11).
-6
Let x(j) = 4*j + 0*j - 5*j - j. Suppose -5 = -6*d + 37. Give x(d).
-14
Let i(w) be the first derivative of w**3/3 - 4*w**2 + 9*w - 1495. Suppose -3*z - 2*y = -10, -4*z - 18 = -5*z + 3*y. Suppose -z*a + a + 30 = 0. What is i(a)?
-3
Let r(u) = 18*u - 7. Let t(v) = 21*v - 8. Let s(g) = -6*r(g) + 5*t(g). Calculate s(-5).
17
Let d(y) be the first derivative of y**2 + 13*y + 11. Let r be d(-4). Suppose -8 = r*l + 27. Let x(g) = -g - 9. Give x(l).
-2
Let k(u) = u**3 + 2*u**2 - u + 1. Let s be k(-3). Let f = s - -10. Let q(m) = 28*m - 10. Let j(h) = -19*h + 7. Let b(w) = f*q(w) + 7*j(w). What is b(1)?
6
Let x(z) = 9*z**2 + z. Let q = 47 - 42. Suppose 2*t = -3 + q. Determine x(t).
10
Let k(o) = 2*o - 3. Let h(a) = -a + 4. Let d(j) = -3*h(j) - 4*k(j). Determine d(-3).
15
Let k(n) be the third derivative of 0*n**4 + 10*n**2 + 0*n - 1/60*n**5 + 1/2*n**3 + 0. Let f(q) = -q - 1. Let t be f(2). Give k(t).
-6
Let h(y) = -17*y - 33 + 88 - 49. Let m(v) be the first derivative of -9*v**2 + 7*v - 1. Let l(n) = 6*h(n) - 5*m(n). What is l(1)?
-11
Let q(f) = 9*f - 2*f - 5 - 2*f - f**3 - 3*f**2 + 7*f**2. Calculate q(4).
15
Let o(v) = -v**2 + 8*v - 8. Let h be (-161)/(-28) - (-1 - (-9)/12). Give o(h).
4
Suppose -2*y - 6*j = -4*j + 62, 5*y = 5*j - 165. Let m = y + 35. Let q(h) = h**3 - 3*h**2 - 2*h - 1. Calculate q(m).
-7
Let o(i) = i. Suppose 0 = 2*c - 6*c + 4. Suppose -1 = -j + c. Suppose 3*g + 25 = -j*h, 5*g + 10 = -h + 4*g. Calculate o(h).
-5
Let s(a) = 35*a - 3. Let v(w) = -19*w + 1. Let l(g) = -4*s(g) - 7*v(g). Give l(-2).
19
Let w(t) = t + 4. Let a = -16 + 2. Let l = a - -24. Let g = -16 + l. Give w(g).
-2
Let s = 106 - 103. Let w(v) = v**3 + 5. L